 prime factors of 90855230?
2, 5, 47, 61, 3169
What are the prime factors of 37050745?
5, 7410149
What are the prime factors of 641395063?
167, 3840689
List the prime factors of 165953730.
2, 3, 5, 367, 15073
What are the prime factors of 30548805?
3, 5, 7, 89, 467
What are the prime factors of 1501535161?
7, 214505023
List the prime factors of 39725402.
2, 19862701
What are the prime factors of 700062972?
2, 3, 7, 2083, 4001
What are the prime factors of 47644218?
2, 3, 2646901
What are the prime factors of 258868621?
11, 47, 500713
What are the prime factors of 149965838?
2, 11, 6816629
List the prime factors of 30786859.
19, 41, 39521
List the prime factors of 1584840762.
2, 3, 1549, 18947
List the prime factors of 3705800238.
2, 3, 7, 1289, 22817
List the prime factors of 23818389.
3, 7, 1061, 1069
What are the prime factors of 190337955?
3, 5, 67, 189391
What are the prime factors of 3698457868?
2, 7, 23, 117203
What are the prime factors of 688194683?
11, 3803, 16451
List the prime factors of 246422385.
3, 5, 11, 165941
What are the prime factors of 3675872959?
11, 334170269
List the prime factors of 1147700431.
1147700431
What are the prime factors of 19167864?
2, 3, 269, 2969
What are the prime factors of 327248606?
2, 17, 53, 181603
What are the prime factors of 244059078?
2, 3, 40676513
What are the prime factors of 190745972?
2, 2141, 22273
What are the prime factors of 122534640?
2, 3, 5, 17, 47, 71
What are the prime factors of 99426406?
2, 43, 1156121
List the prime factors of 11317265.
5, 23, 98411
List the prime factors of 333543474.
2, 3, 11, 561521
List the prime factors of 28027157.
28027157
What are the prime factors of 86339780?
2, 5, 4316989
List the prime factors of 1044688061.
191, 5469571
List the prime factors of 21390886.
2, 11, 972313
List the prime factors of 91797285.
3, 5, 6119819
List the prime factors of 538304083.
37, 14548759
What are the prime factors of 269243303?
7, 5689, 6761
What are the prime factors of 1601982756?
2, 3, 11, 131, 30881
List the prime factors of 2546462770.
2, 5, 251, 569, 1783
List the prime factors of 898251955.
5, 179650391
What are the prime factors of 86403698?
2, 2663, 16223
What are the prime factors of 284533618?
2, 4373, 32533
What are the prime factors of 8306136?
2, 3, 115363
List the prime factors of 109190508.
2, 3, 7, 1299887
List the prime factors of 96011812.
2, 13, 101, 181
List the prime factors of 6936850195.
5, 11, 257, 449, 1093
List the prime factors of 168101259.
3, 6689, 8377
What are the prime factors of 61575186?
2, 3, 23, 446197
List the prime factors of 132720680.
2, 5, 223, 14879
What are the prime factors of 31850023?
19, 379, 4423
What are the prime factors of 14660507?
113, 137, 947
List the prime factors of 167523169.
11, 29, 47741
List the prime factors of 219483184.
2, 599, 22901
What are the prime factors of 958470638?
2, 7723, 62053
List the prime factors of 115688365.
5, 13, 1779821
List the prime factors of 14486301.
3, 1609589
List the prime factors of 1604284198.
2, 11, 72922009
What are the prime factors of 14074470?
2, 3, 5, 17, 9199
What are the prime factors of 166825723?
166825723
What are the prime factors of 2219256827?
2219256827
List the prime factors of 28329483.
3, 7, 13, 41, 2531
List the prime factors of 493723819.
23, 37, 580169
What are the prime factors of 117537035?
5, 7, 11, 43613
What are the prime factors of 230058115?
5, 7, 1087, 6047
What are the prime factors of 54634769?
7, 449, 17383
List the prime factors of 2690275713.
3, 89, 137, 73547
What are the prime factors of 134228581?
151, 888931
What are the prime factors of 7019024478?
2, 3, 263, 1223, 3637
List the prime factors of 3571119399.
3, 17, 70021949
List the prime factors of 514859892.
2, 3, 17, 67, 139, 271
What are the prime factors of 940478329?
7, 487, 275881
What are the prime factors of 447162078?
2, 3, 11, 29, 307, 761
List the prime factors of 422063757.
3, 59, 264949
List the prime factors of 195278415.
3, 5, 37, 331, 1063
List the prime factors of 18823643.
3911, 4813
List the prime factors of 35301253.
13, 2715481
List the prime factors of 554183215.
5, 110836643
What are the prime factors of 252236359?
7681, 32839
List the prime factors of 317171056.
2, 1787, 11093
List the prime factors of 336891647.
336891647
List the prime factors of 24916630.
2, 5, 67, 37189
What are the prime factors of 1095812090?
2, 5, 109581209
List the prime factors of 35326675.
5, 37, 181, 211
What are the prime factors of 7917178363?
7917178363
What are the prime factors of 6127787296?
2, 191, 1002583
List the prime factors of 1123968455.
5, 224793691
What are the prime factors of 3134941787?
127, 24684581
List the prime factors of 114759633.
3, 97, 394363
List the prime factors of 3007262833.
1231, 2442943
List the prime factors of 202520577.
3, 7, 97, 2029
What are the prime factors of 1903307885?
5, 380661577
List the prime factors of 6953358687.
3, 11, 210707839
List the prime factors of 20924674.
2, 151, 193, 359
List the prime factors of 1028618904.
2, 3, 139, 503, 613
List the prime factors of 1445229718.
2, 19, 38032361
What are the prime factors of 228019550?
2, 5, 11, 607, 683
List the prime factors of 2012207760.
2, 3, 5, 107, 26119
List the prime factors of 743448574.
2, 11, 33793117
List the prime factors of 471144634.
2, 19, 31, 399953
What are the prime factors of 79674680?
2, 5, 197, 10111
List the prime factors of 225217285.
5, 157, 281, 1021
What are the prime factors of 86396978?
2, 3529, 12241
List the prime factors of 1767074058.
2, 3, 98170781
What are the prime factors of 436878663?
3, 13, 11202017
What are the prime factors of 71981019?
3, 11, 227, 3203
What are the prime factors of 39429537?
3, 7, 163, 11519
List the prime factors of 1688811158.
2, 844405579
What are the prime factors of 440434445?
5, 11, 131, 61129
List the prime factors of 521040126.
2, 3, 31, 103, 27197
What are the prime factors of 2764074284?
2, 173, 419, 9533
What are the prime factors of 12188238?
2, 3, 67, 30319
List the prime factors of 869497070.
2, 5, 13, 89, 223, 337
List the prime factors of 34700774.
2, 17, 67, 15233
List the prime factors of 387178489.
387178489
List the prime factors of 93468854.
2, 113, 413579
List the prime factors of 628788216.
2, 3, 7, 1019, 3673
What are the prime factors of 80784199?
80784199
List the prime factors of 2177590.
2, 5, 19, 73, 157
List the prime factors of 1430715571.
83, 491, 35107
What are the prime factors of 187476186?
2, 3, 89, 351079
What are the prime factors of 4063405575?
3, 5, 54178741
List the prime factors of 187079866.
2, 17, 5502349
What are the prime factors of 240472111?
11, 2957, 7393
List the prime factors of 3488011282.
2, 7, 47, 89, 59561
List the prime factors of 3879898117.
17, 13425253
What are the prime factors of 294322826?
2, 7, 67, 313777
What are the prime factors of 1659201813?
3, 89, 107, 239
What are the prime factors of 462467042?
2, 1117, 207013
What are the prime factors of 86043251?
7, 12291893
What are the prime factors of 435970053?
3, 2111, 7649
What are the prime factors of 1373262574?
2, 686631287
What are the prime factors of 5756946630?
2, 3, 5, 463, 414467
List the prime factors of 7034368740.
2, 3, 5, 7, 47, 356351
What are the prime factors of 75393581?
31, 619, 3929
List the prime factors of 2028737136.
2, 3, 227, 186191
List the prime factors of 185865901.
13, 29, 493013
What are the prime factors of 661975789?
19, 3089, 11279
List the prime factors of 1578085056.
2, 3, 2739731
List the prime factors of 107121124.
2, 11, 61, 107, 373
What are the prime factors of 29612684?
2, 23, 109, 2953
What are the prime factors of 709568004?
2, 3, 2897, 20411
List the prime factors of 191935799.
11, 17448709
List the prime factors of 23900628.
2, 3, 31, 47, 1367
List the prime factors of 37935139.
11, 3448649
List the prime factors of 413442705.
3, 5, 13, 29, 113, 647
What are the prime factors of 60158914?
2, 4093, 7349
What are the prime factors of 59762662?
2, 47, 223, 2851
List the prime factors of 10586587.
11, 962417
List the prime factors of 111200340.
2, 3, 5, 1853339
List the prime factors of 20444866.
2, 13, 43, 18287
List the prime factors of 114086937.
3, 5051, 7529
List the prime f